{"id":1579,"date":"2020-01-09T04:10:53","date_gmt":"2020-01-09T04:10:53","guid":{"rendered":"http:\/\/wpdemo.archiwp.com\/engitech\/?page_id=1579"},"modified":"2025-08-08T10:41:14","modified_gmt":"2025-08-08T10:41:14","slug":"hakkimizda","status":"publish","type":"page","link":"https:\/\/www.mimitekstil.com\/index.php\/hakkimizda\/","title":{"rendered":"HAKKIMIZDA"},"content":{"rendered":"\t\t<div data-elementor-type=\"wp-page\" data-elementor-id=\"1579\" class=\"elementor elementor-1579\">\n\t\t\t\t\t\t<section class=\"elementor-section elementor-top-section elementor-element elementor-element-7f3cbd8 elementor-section-content-middle ot-traditional elementor-section-boxed elementor-section-height-default elementor-section-height-default\" data-id=\"7f3cbd8\" data-element_type=\"section\" data-settings=\"{&quot;background_background&quot;:&quot;classic&quot;}\">\n\t\t\t\t\t\t<div class=\"elementor-container elementor-column-gap-extended\">\n\t\t\t\t\t<div class=\"elementor-column elementor-col-50 elementor-top-column elementor-element elementor-element-9fc2569\" data-id=\"9fc2569\" data-element_type=\"column\">\n\t\t\t<div class=\"elementor-widget-wrap elementor-element-populated\">\n\t\t\t\t\t\t<div class=\"elementor-element elementor-element-925ee15 elementor-widget elementor-widget-iheading\" data-id=\"925ee15\" data-element_type=\"widget\" data-widget_type=\"iheading.default\">\n\t\t\t\t<div class=\"elementor-widget-container\">\n\t\t\t\t\t<div class=\"ot-heading\">\r\n\t        \t            <span>\/\/ Mimi Tekstil Tic. San. Ltd. \u015eti.<\/span>\r\n\t        <h2 class=\"main-heading\">HAKKIMIZDA<\/h2>\t    <\/div>\r\n\t    \t\t<\/div>\n\t\t\t\t<\/div>\n\t\t\t\t<div class=\"elementor-element elementor-element-5f326aa elementor-widget elementor-widget-text-editor\" data-id=\"5f326aa\" data-element_type=\"widget\" data-widget_type=\"text-editor.default\">\n\t\t\t\t<div class=\"elementor-widget-container\">\n\t\t\t<style>\/*! elementor - v3.23.0 - 05-08-2024 *\/\n.elementor-widget-text-editor.elementor-drop-cap-view-stacked .elementor-drop-cap{background-color:#69727d;color:#fff}.elementor-widget-text-editor.elementor-drop-cap-view-framed .elementor-drop-cap{color:#69727d;border:3px solid;background-color:transparent}.elementor-widget-text-editor:not(.elementor-drop-cap-view-default) .elementor-drop-cap{margin-top:8px}.elementor-widget-text-editor:not(.elementor-drop-cap-view-default) .elementor-drop-cap-letter{width:1em;height:1em}.elementor-widget-text-editor .elementor-drop-cap{float:left;text-align:center;line-height:1;font-size:50px}.elementor-widget-text-editor .elementor-drop-cap-letter{display:inline-block}<\/style>\t\t\t\t<p><strong>Mimi Tekstil Tic. San. Ltd. \u015eti.<\/strong><br \/>Hem \u015f\u0131k hem de rahat giyinmeyi seven m\u00fc\u015fteriler i\u00e7in en y\u00fcksek standartlarda tasarlan\u0131p \u00fcretilen<strong> Carducci<\/strong> \u00fcr\u00fcnleri, \u00e7a\u011fda\u015f trendleri takip eden \u00e7ok \u00e7e\u015fitli ve y\u00fcksek kaliteli \u00fcr\u00fcnler ile beylere hitap ediyor.<\/p><p>\u00dcr\u00fcnlerimiz \u0130lkbahar-Yaz ve Sonbahar-K\u0131\u015f olmak \u00fczere, iki farkl\u0131 koleksiyonda tak\u0131m elbise, ceket, pantolon, g\u00f6mlek, triko, pamuklu erkek giyim, mont, kemer, ayakkab\u0131 ve di\u011fer aksesuar \u00e7e\u015fitlerini kapsamaktad\u0131r.<\/p><p>\u00c7a\u011fda\u015f koleksiyonlar, tamamlay\u0131c\u0131 konseptler do\u011frultusunda \u00f6zenle tasarlanmakta; hem toptan hem de perakende m\u00fc\u015fterilerimiz i\u00e7in Slim-Fit ve Regular-Fit olmak \u00fczere iki farkl\u0131 kesimde, uygun fiyat politikas\u0131yla \u00fcretilmektedir.<\/p><p>\u0130yi dikilmi\u015f k\u0131yafetlerin, bir erke\u011fin en iyi \u015fekilde g\u00f6r\u00fcnmesinin anahtar\u0131 oldu\u011funa inan\u0131yoruz.<\/p><p data-start=\"1016\" data-end=\"1090\">T\u00fcm \u00fcretim s\u00fcreci, <strong data-start=\"1035\" data-end=\"1051\">Mimi Tekstil<\/strong> g\u00fcvencesiyle ger\u00e7ekle\u015ftirilmektedir.<\/p>\t\t\t\t\t\t<\/div>\n\t\t\t\t<\/div>\n\t\t\t\t<div class=\"elementor-element elementor-element-5df7912 elementor-widget elementor-widget-ivideopopup\" data-id=\"5df7912\" data-element_type=\"widget\" data-widget_type=\"ivideopopup.default\">\n\t\t\t\t<div class=\"elementor-widget-container\">\n\t\t\t\t\t<div class=\"video-popup\">\r\n\t\t\t<div class=\"btn-inner\">\r\n\t\t        <a class=\"btn-play\" href=\"https:\/\/www.youtube.com\/watch?v=RSNLlf8DTJU\">\r\n\t\t        \t<i class=\"flaticon-play\"><\/i>\r\n\t\t        \t\t\t        \t<span class=\"circle-1\"><\/span>\r\n\t\t\t\t\t<span class=\"circle-2\"><\/span>\r\n\t\t\t\t\t\t\t        <\/a>\r\n\t        <\/div>\r\n\t        <span>Videoyu \u0130zlemek \u0130\u00e7in T\u0131klay\u0131n\u0131z.<\/span>\t    <\/div>\r\n\t    \t\t<\/div>\n\t\t\t\t<\/div>\n\t\t\t\t\t<\/div>\n\t\t<\/div>\n\t\t\t\t<div class=\"elementor-column elementor-col-50 elementor-top-column elementor-element elementor-element-7564da8\" data-id=\"7564da8\" data-element_type=\"column\">\n\t\t\t<div class=\"elementor-widget-wrap elementor-element-populated\">\n\t\t\t\t\t\t<div class=\"elementor-element elementor-element-7f32b09 elementor-widget elementor-widget-image\" data-id=\"7f32b09\" data-element_type=\"widget\" data-widget_type=\"image.default\">\n\t\t\t\t<div class=\"elementor-widget-container\">\n\t\t\t<style>\/*! elementor - v3.23.0 - 05-08-2024 *\/\n.elementor-widget-image{text-align:center}.elementor-widget-image a{display:inline-block}.elementor-widget-image a img[src$=\".svg\"]{width:48px}.elementor-widget-image img{vertical-align:middle;display:inline-block}<\/style>\t\t\t\t\t\t\t\t\t\t<img fetchpriority=\"high\" decoding=\"async\" width=\"683\" height=\"1024\" src=\"https:\/\/www.mimitekstil.com\/wp-content\/uploads\/2021\/08\/pexels-oguzhan-karaca-3544567-683x1024.jpg\" class=\"attachment-large size-large wp-image-2813\" alt=\"\" srcset=\"https:\/\/www.mimitekstil.com\/wp-content\/uploads\/2021\/08\/pexels-oguzhan-karaca-3544567-683x1024.jpg 683w, https:\/\/www.mimitekstil.com\/wp-content\/uploads\/2021\/08\/pexels-oguzhan-karaca-3544567-200x300.jpg 200w, https:\/\/www.mimitekstil.com\/wp-content\/uploads\/2021\/08\/pexels-oguzhan-karaca-3544567-768x1151.jpg 768w, https:\/\/www.mimitekstil.com\/wp-content\/uploads\/2021\/08\/pexels-oguzhan-karaca-3544567-1025x1536.jpg 1025w, https:\/\/www.mimitekstil.com\/wp-content\/uploads\/2021\/08\/pexels-oguzhan-karaca-3544567-1366x2048.jpg 1366w, https:\/\/www.mimitekstil.com\/wp-content\/uploads\/2021\/08\/pexels-oguzhan-karaca-3544567-720x1079.jpg 720w, https:\/\/www.mimitekstil.com\/wp-content\/uploads\/2021\/08\/pexels-oguzhan-karaca-3544567-scaled.jpg 1708w\" sizes=\"(max-width: 683px) 100vw, 683px\" \/>\t\t\t\t\t\t\t\t\t\t\t\t\t<\/div>\n\t\t\t\t<\/div>\n\t\t\t\t\t<\/div>\n\t\t<\/div>\n\t\t\t\t\t<\/div>\n\t\t<\/section>\n\t\t\t\t<section class=\"elementor-section elementor-top-section elementor-element elementor-element-e084b05 ot-traditional elementor-section-boxed elementor-section-height-default elementor-section-height-default\" data-id=\"e084b05\" data-element_type=\"section\" data-settings=\"{&quot;background_background&quot;:&quot;classic&quot;}\">\n\t\t\t\t\t\t<div class=\"elementor-container elementor-column-gap-default\">\n\t\t\t\t\t<div class=\"elementor-column elementor-col-100 elementor-top-column elementor-element elementor-element-0585a86\" data-id=\"0585a86\" data-element_type=\"column\">\n\t\t\t<div class=\"elementor-widget-wrap elementor-element-populated\">\n\t\t\t\t\t\t<div class=\"elementor-element elementor-element-27cdb38 elementor-widget elementor-widget-iheading\" data-id=\"27cdb38\" data-element_type=\"widget\" data-widget_type=\"iheading.default\">\n\t\t\t\t<div class=\"elementor-widget-container\">\n\t\t\t\t\t<div class=\"ot-heading\">\r\n\t        \t            <span>\/\/ Mimi Tekstil Tic. San. Ltd. \u015eti.<\/span>\r\n\t        <h1 class=\"main-heading\">NELER YAPIYORUZ<\/h1>\t    <\/div>\r\n\t    \t\t<\/div>\n\t\t\t\t<\/div>\n\t\t\t\t<section class=\"elementor-section elementor-inner-section elementor-element elementor-element-21258a0 elementor-section-full_width ot-traditional elementor-section-height-default elementor-section-height-default\" data-id=\"21258a0\" data-element_type=\"section\">\n\t\t\t\t\t\t<div class=\"elementor-container elementor-column-gap-extended\">\n\t\t\t\t\t<div class=\"elementor-column elementor-col-20 elementor-inner-column elementor-element elementor-element-c1ebed8\" data-id=\"c1ebed8\" data-element_type=\"column\">\n\t\t\t<div class=\"elementor-widget-wrap elementor-element-populated\">\n\t\t\t\t\t\t<div class=\"elementor-element elementor-element-fda20a3 elementor-widget elementor-widget-itechbox\" data-id=\"fda20a3\" data-element_type=\"widget\" data-widget_type=\"itechbox.default\">\n\t\t\t\t<div class=\"elementor-widget-container\">\n\t\t\t\t\t<a class=\"tech-box\" href=\"#\" target=\"_blank\">\r\n\t\t\t<div class=\"icon-main\">\r\n\t\t        <i class=\"fas fa-check\"><\/i>\t\t\t    \t\t        \t        <\/div>\r\n\t        <h5>\u0130MALAT<\/h5>\r\n        <\/a>\r\n\t    \t\t<\/div>\n\t\t\t\t<\/div>\n\t\t\t\t\t<\/div>\n\t\t<\/div>\n\t\t\t\t<div class=\"elementor-column elementor-col-20 elementor-inner-column elementor-element elementor-element-eb0bd9a\" data-id=\"eb0bd9a\" data-element_type=\"column\">\n\t\t\t<div class=\"elementor-widget-wrap elementor-element-populated\">\n\t\t\t\t\t\t<div class=\"elementor-element elementor-element-4d7be0b elementor-widget elementor-widget-itechbox\" data-id=\"4d7be0b\" data-element_type=\"widget\" data-widget_type=\"itechbox.default\">\n\t\t\t\t<div class=\"elementor-widget-container\">\n\t\t\t\t\t<a class=\"tech-box\" href=\"#\" target=\"_blank\">\r\n\t\t\t<div class=\"icon-main\">\r\n\t\t        <i class=\"fas fa-check\"><\/i>\t\t\t    \t\t        \t        <\/div>\r\n\t        <h5>\u0130HRACAT<\/h5>\r\n        <\/a>\r\n\t    \t\t<\/div>\n\t\t\t\t<\/div>\n\t\t\t\t\t<\/div>\n\t\t<\/div>\n\t\t\t\t<div class=\"elementor-column elementor-col-20 elementor-inner-column elementor-element elementor-element-db5942f\" data-id=\"db5942f\" data-element_type=\"column\">\n\t\t\t<div class=\"elementor-widget-wrap elementor-element-populated\">\n\t\t\t\t\t\t<div class=\"elementor-element elementor-element-04d28b2 elementor-widget elementor-widget-itechbox\" data-id=\"04d28b2\" data-element_type=\"widget\" data-widget_type=\"itechbox.default\">\n\t\t\t\t<div class=\"elementor-widget-container\">\n\t\t\t\t\t<a class=\"tech-box\" href=\"#\">\r\n\t\t\t<div class=\"icon-main\">\r\n\t\t        <i class=\"fas fa-check\"><\/i>\t\t\t    \t\t        \t        <\/div>\r\n\t        <h5>SATI\u015e<\/h5>\r\n        <\/a>\r\n\t    \t\t<\/div>\n\t\t\t\t<\/div>\n\t\t\t\t\t<\/div>\n\t\t<\/div>\n\t\t\t\t<div class=\"elementor-column elementor-col-20 elementor-inner-column elementor-element elementor-element-490ebb2\" data-id=\"490ebb2\" data-element_type=\"column\">\n\t\t\t<div class=\"elementor-widget-wrap elementor-element-populated\">\n\t\t\t\t\t\t<div class=\"elementor-element elementor-element-aded43c elementor-widget elementor-widget-itechbox\" data-id=\"aded43c\" data-element_type=\"widget\" data-widget_type=\"itechbox.default\">\n\t\t\t\t<div class=\"elementor-widget-container\">\n\t\t\t\t\t<a class=\"tech-box\" href=\"#\">\r\n\t\t\t<div class=\"icon-main\">\r\n\t\t        <i class=\"fas fa-check\"><\/i>\t\t\t    \t\t        \t        <\/div>\r\n\t        <h5>D\u0130ZAYN<\/h5>\r\n        <\/a>\r\n\t    \t\t<\/div>\n\t\t\t\t<\/div>\n\t\t\t\t\t<\/div>\n\t\t<\/div>\n\t\t\t\t<div class=\"elementor-column elementor-col-20 elementor-inner-column elementor-element elementor-element-7892473\" data-id=\"7892473\" data-element_type=\"column\">\n\t\t\t<div class=\"elementor-widget-wrap elementor-element-populated\">\n\t\t\t\t\t\t<div class=\"elementor-element elementor-element-f5d3684 elementor-widget elementor-widget-itechbox\" data-id=\"f5d3684\" data-element_type=\"widget\" data-widget_type=\"itechbox.default\">\n\t\t\t\t<div class=\"elementor-widget-container\">\n\t\t\t\t\t<a class=\"tech-box\" href=\"#\">\r\n\t\t\t<div class=\"icon-main\">\r\n\t\t        <i class=\"fas fa-check\"><\/i>\t\t\t    \t\t        \t        <\/div>\r\n\t        <h5>KUMA\u015e SATI\u015eI<\/h5>\r\n        <\/a>\r\n\t    \t\t<\/div>\n\t\t\t\t<\/div>\n\t\t\t\t\t<\/div>\n\t\t<\/div>\n\t\t\t\t\t<\/div>\n\t\t<\/section>\n\t\t\t\t\t<\/div>\n\t\t<\/div>\n\t\t\t\t\t<\/div>\n\t\t<\/section>\n\t\t\t\t<\/div>\n\t\t","protected":false},"excerpt":{"rendered":"<p>\/\/ Mimi Tekstil Tic. San. Ltd. \u015eti. HAKKIMIZDA Mimi Tekstil Tic. San. Ltd. \u015eti.Hem \u015f\u0131k hem de rahat giyinmeyi seven m\u00fc\u015fteriler i\u00e7in en y\u00fcksek standartlarda tasarlan\u0131p \u00fcretilen Carducci \u00fcr\u00fcnleri, \u00e7a\u011fda\u015f trendleri takip eden \u00e7ok \u00e7e\u015fitli ve y\u00fcksek kaliteli \u00fcr\u00fcnler ile beylere hitap ediyor. \u00dcr\u00fcnlerimiz \u0130lkbahar-Yaz ve Sonbahar-K\u0131\u015f olmak \u00fczere, iki farkl\u0131 koleksiyonda tak\u0131m elbise, ceket, [&hellip;]<\/p>\n","protected":false},"author":1,"featured_media":0,"parent":0,"menu_order":0,"comment_status":"closed","ping_status":"closed","template":"","meta":[],"yoast_head":"<!-- This site is optimized with the Yoast SEO plugin v19.9 - https:\/\/yoast.com\/wordpress\/plugins\/seo\/ -->\n<title>HAKKIMIZDA - Mimi Tekstil Tic. San. Ltd. \u015eti.<\/title>\n<meta name=\"robots\" content=\"index, follow, max-snippet:-1, max-image-preview:large, max-video-preview:-1\" \/>\n<link rel=\"canonical\" href=\"https:\/\/www.mimitekstil.com\/index.php\/hakkimizda\/\" \/>\n<meta property=\"og:locale\" content=\"tr_TR\" \/>\n<meta property=\"og:type\" content=\"article\" \/>\n<meta property=\"og:title\" content=\"HAKKIMIZDA - Mimi Tekstil Tic. San. Ltd. \u015eti.\" \/>\n<meta property=\"og:description\" content=\"\/\/ Mimi Tekstil Tic. San. Ltd. \u015eti. HAKKIMIZDA Mimi Tekstil Tic. San. Ltd. \u015eti.Hem \u015f\u0131k hem de rahat giyinmeyi seven m\u00fc\u015fteriler i\u00e7in en y\u00fcksek standartlarda tasarlan\u0131p \u00fcretilen Carducci \u00fcr\u00fcnleri, \u00e7a\u011fda\u015f trendleri takip eden \u00e7ok \u00e7e\u015fitli ve y\u00fcksek kaliteli \u00fcr\u00fcnler ile beylere hitap ediyor. \u00dcr\u00fcnlerimiz \u0130lkbahar-Yaz ve Sonbahar-K\u0131\u015f olmak \u00fczere, iki farkl\u0131 koleksiyonda tak\u0131m elbise, ceket, [&hellip;]\" \/>\n<meta property=\"og:url\" content=\"https:\/\/www.mimitekstil.com\/index.php\/hakkimizda\/\" \/>\n<meta property=\"og:site_name\" content=\"Mimi Tekstil Tic. San. Ltd. \u015eti.\" \/>\n<meta property=\"article:modified_time\" content=\"2025-08-08T10:41:14+00:00\" \/>\n<meta property=\"og:image\" content=\"http:\/\/www.mimitekstil.com\/wp-content\/uploads\/2021\/08\/pexels-oguzhan-karaca-3544567-683x1024.jpg\" \/>\n<meta name=\"twitter:card\" content=\"summary_large_image\" \/>\n<meta name=\"twitter:label1\" content=\"Tahmini okuma s\u00fcresi\" \/>\n\t<meta name=\"twitter:data1\" content=\"2 dakika\" \/>\n<script type=\"application\/ld+json\" class=\"yoast-schema-graph\">{\"@context\":\"https:\/\/schema.org\",\"@graph\":[{\"@type\":\"WebPage\",\"@id\":\"https:\/\/www.mimitekstil.com\/index.php\/hakkimizda\/\",\"url\":\"https:\/\/www.mimitekstil.com\/index.php\/hakkimizda\/\",\"name\":\"HAKKIMIZDA - Mimi Tekstil Tic. San. Ltd. \u015eti.\",\"isPartOf\":{\"@id\":\"http:\/\/www.mimitekstil.com\/#website\"},\"datePublished\":\"2020-01-09T04:10:53+00:00\",\"dateModified\":\"2025-08-08T10:41:14+00:00\",\"breadcrumb\":{\"@id\":\"https:\/\/www.mimitekstil.com\/index.php\/hakkimizda\/#breadcrumb\"},\"inLanguage\":\"tr\",\"potentialAction\":[{\"@type\":\"ReadAction\",\"target\":[\"https:\/\/www.mimitekstil.com\/index.php\/hakkimizda\/\"]}]},{\"@type\":\"BreadcrumbList\",\"@id\":\"https:\/\/www.mimitekstil.com\/index.php\/hakkimizda\/#breadcrumb\",\"itemListElement\":[{\"@type\":\"ListItem\",\"position\":1,\"name\":\"Anasayfa\",\"item\":\"http:\/\/www.mimitekstil.com\/\"},{\"@type\":\"ListItem\",\"position\":2,\"name\":\"HAKKIMIZDA\"}]},{\"@type\":\"WebSite\",\"@id\":\"http:\/\/www.mimitekstil.com\/#website\",\"url\":\"http:\/\/www.mimitekstil.com\/\",\"name\":\"Mimi Tekstil Tic. San. Ltd. \u015eti.\",\"description\":\"Mimi Tekstil Tic. San. Ltd. \u015eti.\",\"potentialAction\":[{\"@type\":\"SearchAction\",\"target\":{\"@type\":\"EntryPoint\",\"urlTemplate\":\"http:\/\/www.mimitekstil.com\/?s={search_term_string}\"},\"query-input\":\"required name=search_term_string\"}],\"inLanguage\":\"tr\"}]}<\/script>\n<!-- \/ Yoast SEO plugin. -->","yoast_head_json":{"title":"HAKKIMIZDA - Mimi Tekstil Tic. San. Ltd. \u015eti.","robots":{"index":"index","follow":"follow","max-snippet":"max-snippet:-1","max-image-preview":"max-image-preview:large","max-video-preview":"max-video-preview:-1"},"canonical":"https:\/\/www.mimitekstil.com\/index.php\/hakkimizda\/","og_locale":"tr_TR","og_type":"article","og_title":"HAKKIMIZDA - Mimi Tekstil Tic. San. Ltd. \u015eti.","og_description":"\/\/ Mimi Tekstil Tic. San. Ltd. \u015eti. HAKKIMIZDA Mimi Tekstil Tic. San. Ltd. \u015eti.Hem \u015f\u0131k hem de rahat giyinmeyi seven m\u00fc\u015fteriler i\u00e7in en y\u00fcksek standartlarda tasarlan\u0131p \u00fcretilen Carducci \u00fcr\u00fcnleri, \u00e7a\u011fda\u015f trendleri takip eden \u00e7ok \u00e7e\u015fitli ve y\u00fcksek kaliteli \u00fcr\u00fcnler ile beylere hitap ediyor. \u00dcr\u00fcnlerimiz \u0130lkbahar-Yaz ve Sonbahar-K\u0131\u015f olmak \u00fczere, iki farkl\u0131 koleksiyonda tak\u0131m elbise, ceket, [&hellip;]","og_url":"https:\/\/www.mimitekstil.com\/index.php\/hakkimizda\/","og_site_name":"Mimi Tekstil Tic. San. Ltd. \u015eti.","article_modified_time":"2025-08-08T10:41:14+00:00","og_image":[{"url":"http:\/\/www.mimitekstil.com\/wp-content\/uploads\/2021\/08\/pexels-oguzhan-karaca-3544567-683x1024.jpg"}],"twitter_card":"summary_large_image","twitter_misc":{"Tahmini okuma s\u00fcresi":"2 dakika"},"schema":{"@context":"https:\/\/schema.org","@graph":[{"@type":"WebPage","@id":"https:\/\/www.mimitekstil.com\/index.php\/hakkimizda\/","url":"https:\/\/www.mimitekstil.com\/index.php\/hakkimizda\/","name":"HAKKIMIZDA - Mimi Tekstil Tic. San. Ltd. \u015eti.","isPartOf":{"@id":"http:\/\/www.mimitekstil.com\/#website"},"datePublished":"2020-01-09T04:10:53+00:00","dateModified":"2025-08-08T10:41:14+00:00","breadcrumb":{"@id":"https:\/\/www.mimitekstil.com\/index.php\/hakkimizda\/#breadcrumb"},"inLanguage":"tr","potentialAction":[{"@type":"ReadAction","target":["https:\/\/www.mimitekstil.com\/index.php\/hakkimizda\/"]}]},{"@type":"BreadcrumbList","@id":"https:\/\/www.mimitekstil.com\/index.php\/hakkimizda\/#breadcrumb","itemListElement":[{"@type":"ListItem","position":1,"name":"Anasayfa","item":"http:\/\/www.mimitekstil.com\/"},{"@type":"ListItem","position":2,"name":"HAKKIMIZDA"}]},{"@type":"WebSite","@id":"http:\/\/www.mimitekstil.com\/#website","url":"http:\/\/www.mimitekstil.com\/","name":"Mimi Tekstil Tic. San. Ltd. \u015eti.","description":"Mimi Tekstil Tic. San. Ltd. \u015eti.","potentialAction":[{"@type":"SearchAction","target":{"@type":"EntryPoint","urlTemplate":"http:\/\/www.mimitekstil.com\/?s={search_term_string}"},"query-input":"required name=search_term_string"}],"inLanguage":"tr"}]}},"_links":{"self":[{"href":"https:\/\/www.mimitekstil.com\/index.php\/wp-json\/wp\/v2\/pages\/1579"}],"collection":[{"href":"https:\/\/www.mimitekstil.com\/index.php\/wp-json\/wp\/v2\/pages"}],"about":[{"href":"https:\/\/www.mimitekstil.com\/index.php\/wp-json\/wp\/v2\/types\/page"}],"author":[{"embeddable":true,"href":"https:\/\/www.mimitekstil.com\/index.php\/wp-json\/wp\/v2\/users\/1"}],"replies":[{"embeddable":true,"href":"https:\/\/www.mimitekstil.com\/index.php\/wp-json\/wp\/v2\/comments?post=1579"}],"version-history":[{"count":29,"href":"https:\/\/www.mimitekstil.com\/index.php\/wp-json\/wp\/v2\/pages\/1579\/revisions"}],"predecessor-version":[{"id":2988,"href":"https:\/\/www.mimitekstil.com\/index.php\/wp-json\/wp\/v2\/pages\/1579\/revisions\/2988"}],"wp:attachment":[{"href":"https:\/\/www.mimitekstil.com\/index.php\/wp-json\/wp\/v2\/media?parent=1579"}],"curies":[{"name":"wp","href":"https:\/\/api.w.org\/{rel}","templated":true}]}}